{"id":412,"date":"2023-06-20T11:31:51","date_gmt":"2023-06-20T09:31:51","guid":{"rendered":"http:\/\/localhost\/wptest\/?page_id=412"},"modified":"2023-07-03T16:11:50","modified_gmt":"2023-07-03T14:11:50","slug":"mentions-legales","status":"publish","type":"page","link":"https:\/\/www.radiocourchevel.com\/radio-courchevel\/mentions-legales\/","title":{"rendered":"Mentions L\u00e9gales"},"content":{"rendered":"\n<div class=\"wp-block-uagb-container uagb-block-8d1f08ac alignfull uagb-is-root-container\"><div class=\"uagb-container-inner-blocks-wrap\">\n<p><strong>1. Site de la SARL au capital de 1 000 \u20ac<br><\/strong>RCS Chamb\u00e9ry<br>Rue du Forum, Centre Commercial Le Forum<br>73120 Courchevel<br>Radio Courchevel<br>info@radiocourchevel.com<br>0479083407<br>SIRET 492 034 657 00014<br>Code APE 6010Z<\/p>\n\n\n\n<p><strong>2. Directeur de la publication<br><\/strong>Alain PONCET<\/p>\n\n\n\n<p><strong>3. Editeur du site<br><\/strong>Conception\/ R\u00e9alisation et webmaster :<br>webmaster@grandsespaces.net<br>www.radio-courchevel.com<\/p>\n\n\n\n<p><strong>4. H\u00e9bergeur du site<br><\/strong>Le site www.radiocourchevel.com est h\u00e9berg\u00e9 par la soci\u00e9t\u00e9 OVH<br>SAS au capital de 10 174 560 \u20ac<br>RCS Lille M\u00e9tropole 424 761 419 00045<br>Code APE 2620Z<br>N\u00b0 TVA : FR 22 424 761 419<br>Si\u00e8ge social : 2 rue Kellermann \u2013 59100 Roubaix \u2013 France<br>Pr\u00e9sident : Michel Paulin<br>OVH SAS est une filiale de la soci\u00e9t\u00e9 OVH Groupe SA, soci\u00e9t\u00e9 immatricul\u00e9e au RCS de Lille sous le num\u00e9ro 537 407 926 sise 2, rue Kellermann, 59100 Roubaix.<\/p>\n\n\n\n<p><strong>5. Droits de propri\u00e9t\u00e9 intellectuelle attach\u00e9s au Site<br><\/strong>Le Site de Radio Courchevel est une \u0153uvre de l\u2019esprit prot\u00e9g\u00e9e par le droit de la propri\u00e9t\u00e9 intellectuelle. Le site et chacun des \u00e9l\u00e9ments qui le composent (tels que, notamment, marques, logos, photographies, images, illustrations, textes, vid\u00e9os\u2026) sont la propri\u00e9t\u00e9 exclusive de Radio Courchevel, seul habilit\u00e9 \u00e0 utiliser les droits de la propri\u00e9t\u00e9 intellectuelle et droits de la personnalit\u00e9 y aff\u00e9rent, celle-ci ne conc\u00e9dant aucune licence, ni aucun autre droit que celui de consulter le site.<br>La reproduction de tous documents publi\u00e9s sur le Site est seulement autoris\u00e9e aux fins exclusives d\u2019information pour un usage strictement personnel et priv\u00e9. Toute reproduction et\/ou repr\u00e9sentation, int\u00e9grale ou partielle, du Site, ou de l\u2019un quelconque des \u00e9l\u00e9ments qui le composent, sur quelque support que ce soit, \u00e0 d\u2019autres fins, et notamment commerciales, est express\u00e9ment interdite.<br>A l\u2019exception des circonstances ci-dessus vis\u00e9es, toute autre reproduction et\/ou repr\u00e9sentation du site devra faire l\u2019objet d\u2019une autorisation expresse et pr\u00e9alable de Radio Courchevel. De m\u00eame, la cr\u00e9ation de liens hypertextes vers le Site ne peut-\u00eatre faite qu\u2019avec l\u2019autorisation \u00e9crite et pr\u00e9alable de Radio Courchevel. Radio Courchevel d\u00e9cline toute responsabilit\u00e9 concernant le contenu, la publicit\u00e9, les produits ou les services disponibles sur ou \u00e0 partir des sites li\u00e9s au Site.<br>En outre, l\u2019ensemble des marques cit\u00e9es dans le Site sont des marques d\u00e9pos\u00e9es et donc prot\u00e9g\u00e9es. Toute utilisation de l\u2019une quelconque des dites marques ne peut \u00eatre faite sans le consentement pr\u00e9alable, expr\u00e8s et \u00e9crit de Radio Courchevel, sous peine de contrefa\u00e7on.<br>Par ailleurs, sauf accord express et \u00e9crit de Radio Courchevel, l\u2019Utilisateur n\u2019est pas autoris\u00e9 \u00e0 placer sur son propre site Internet un lien hypertexte pointant vers le site et\/ou vers les pages qu\u2019il contient.<br>Toute demande d\u2019autorisation doit \u00eatre adress\u00e9e \u00e0 l\u2019adresse e-mail suivante : info@radiocourchevel.com<br>Toute utilisation non autoris\u00e9e constitue une contrefa\u00e7on sanctionn\u00e9e p\u00e9nalement.<\/p>\n\n\n\n<p><strong>6. Utilisation du site<br>a. Utilisation du contenu du site<br><\/strong>Radio Courchevel s\u2019efforce de mettre \u00e0 jour le contenu du site et de d\u00e9livrer aux utilisateurs des informations exactes. N\u00e9anmoins, l\u2019utilisateur sait que les transmissions de donn\u00e9es et d\u2019informations sur Internet ne b\u00e9n\u00e9ficient que d\u2019une fiabilit\u00e9 technique relative, celles-ci circulant sur des r\u00e9seaux de nature tr\u00e8s h\u00e9t\u00e9rog\u00e8ne. D\u00e8s lors, Radio Courchevel ne peut garantir l\u2019exactitude des donn\u00e9es figurant sur le Site. Toute erreur ou omission devra \u00eatre notifi\u00e9e \u00e0 l\u2019adresse e-mail suivante : info@radiocourchevel.com<br>Toute utilisation du site non conforme \u00e0 son esprit original et toute violation des pr\u00e9sentes stipulations pourront donner lieu \u00e0 l\u2019application des peines p\u00e9nales et civiles pr\u00e9vues par la loi.<br><strong>b. Acc\u00e8s au site<br><\/strong>Radio Courchevel s\u2019efforce de maintenir accessible le site, sans pour autant \u00eatre tenue \u00e0 aucune obligation d\u2019y parvenir. Il est pr\u00e9cis\u00e9 qu\u2019\u00e0 des fins de maintenance, de mise \u00e0 jour, et pour toute autre raison notamment d\u2019ordre technique, l\u2019acc\u00e8s au site pourra \u00eatre interrompu.<br>Radio Courchevel n\u2019est en aucun cas responsable de ces interruptions et des cons\u00e9quences qui peuvent en d\u00e9couler pour l\u2019utilisateur.<br><strong>c. Liens hypertextes mis en place sur le Site<br><\/strong>Les liens hypertextes mis en place sur le Site peuvent conduire l\u2019utilisateur sur les sites Internet de diff\u00e9rents partenaires. Il est pr\u00e9cis\u00e9 que Radio Courchevel n\u2019a pas v\u00e9rifi\u00e9 tous les sites \u00e9ventuellement reli\u00e9s au sien, leur contenu et les informations qui y sont pr\u00e9sentes, et d\u00e9cline par cons\u00e9quent toute responsabilit\u00e9 sur le contenu de ces sites et sur l\u2019utilisation qui en est faite par l\u2019Utilisateur. Le recours \u00e0 ces sites par l\u2019Utilisateur rel\u00e8ve de la seule responsabilit\u00e9 de ce dernier.<br><strong>Signaler un contenu illicite<br><\/strong>Conform\u00e9ment \u00e0 l\u2019article 6-I-7 de la Loi du 21 juin 2004, dite LCEN, Radio Courchevel vous permet de lui signaler tout contenu susceptible de rev\u00eatir les caract\u00e8res des infractions vis\u00e9es aux cinqui\u00e8me et huiti\u00e8me alin\u00e9as de l\u2019article 24 de la loi du 29 juillet 1881 sur la libert\u00e9 de presse et \u00e0 l\u2019article 227-23 du Code p\u00e9nal : apologie de crimes contre l\u2019humanit\u00e9, incitation \u00e0 la haine raciale, pornographie enfantine. Pour signaler un contenu manifestement illicite, h\u00e9berg\u00e9 par Radio Courchevel, il vous suffit d\u2019envoyer un courriel \u00e0 info@radiocourchevel.com, tout en pr\u00e9cisant :<br>l\u2019adresse du site ou de la page depuis laquelle le contenu est accessible ;<br>le contenu consid\u00e9r\u00e9 comme illicite ;<br>la date \u00e0 laquelle vous avez d\u00e9couvert le contenu consid\u00e9r\u00e9 comme illicite ;<br>votre identit\u00e9 (nom et coordonn\u00e9es compl\u00e8tes).<br>Radio Courchevel vous rappelle que la LCEN puni tout abus de signalement d\u2019une peine d\u2019un an d\u2019emprisonnement et de 15.000 \u20ac d\u2019amende.<\/p>\n<\/div><\/div>\n","protected":false},"excerpt":{"rendered":"<p>1. Site de la SARL au capital de 1 000 \u20acRCS Chamb\u00e9ryRue du Forum, Centre Commercial Le Forum73120 CourchevelRadio Courchevelinfo@radiocourchevel.com0479083407SIRET 492 034 657 00014Code APE 6010Z 2. Directeur de la publicationAlain PONCET 3. Editeur du siteConception\/ R\u00e9alisation et webmaster :webmaster@grandsespaces.netwww.radio-courchevel.com 4. H\u00e9bergeur du siteLe site www.radiocourchevel.com est h\u00e9berg\u00e9 par la soci\u00e9t\u00e9 OVHSAS au capital de &hellip;<\/p>\n<p class=\"read-more\"> <a class=\"\" href=\"https:\/\/www.radiocourchevel.com\/radio-courchevel\/mentions-legales\/\"> <span class=\"screen-reader-text\">Mentions L\u00e9gales<\/span> Lire la suite\u00a0\u00bb<\/a><\/p>\n","protected":false},"author":1,"featured_media":0,"parent":0,"menu_order":0,"comment_status":"closed","ping_status":"closed","template":"","meta":{"_uag_custom_page_level_css":"","site-sidebar-layout":"default","site-content-layout":"default","ast-global-header-display":"","ast-banner-title-visibility":"","ast-main-header-display":"","ast-hfb-above-header-display":"","ast-hfb-below-header-display":"","ast-hfb-mobile-header-display":"","site-post-title":"","ast-breadcrumbs-content":"","ast-featured-img":"","footer-sml-layout":"","theme-transparent-header-meta":"","adv-header-id-meta":"","stick-header-meta":"","header-above-stick-meta":"","header-main-stick-meta":"","header-below-stick-meta":"","footnotes":""},"class_list":["post-412","page","type-page","status-publish","hentry"],"yoast_head":"<!-- This site is optimized with the Yoast SEO plugin v27.4 - https:\/\/yoast.com\/product\/yoast-seo-wordpress\/ -->\n<title>Mentions L\u00e9gales - R&#039;Courchevel<\/title>\n<meta name=\"robots\" content=\"index, follow, max-snippet:-1, max-image-preview:large, max-video-preview:-1\" \/>\n<link rel=\"canonical\" href=\"https:\/\/www.radiocourchevel.com\/radio-courchevel\/mentions-legales\/\" \/>\n<meta property=\"og:locale\" content=\"fr_FR\" \/>\n<meta property=\"og:type\" content=\"article\" \/>\n<meta property=\"og:title\" content=\"Mentions L\u00e9gales - R&#039;Courchevel\" \/>\n<meta property=\"og:description\" content=\"1. Site de la SARL au capital de 1 000 \u20acRCS Chamb\u00e9ryRue du Forum, Centre Commercial Le Forum73120 CourchevelRadio Courchevelinfo@radiocourchevel.com0479083407SIRET 492 034 657 00014Code APE 6010Z 2. Directeur de la publicationAlain PONCET 3. Editeur du siteConception\/ R\u00e9alisation et webmaster :webmaster@grandsespaces.netwww.radio-courchevel.com 4. H\u00e9bergeur du siteLe site www.radiocourchevel.com est h\u00e9berg\u00e9 par la soci\u00e9t\u00e9 OVHSAS au capital de &hellip; Mentions L\u00e9gales Lire la suite\u00a0\u00bb\" \/>\n<meta property=\"og:url\" content=\"https:\/\/www.radiocourchevel.com\/radio-courchevel\/mentions-legales\/\" \/>\n<meta property=\"og:site_name\" content=\"R&#039;Courchevel\" \/>\n<meta property=\"article:publisher\" content=\"https:\/\/www.facebook.com\/RadioCourchevel\/\" \/>\n<meta property=\"article:modified_time\" content=\"2023-07-03T14:11:50+00:00\" \/>\n<meta name=\"twitter:card\" content=\"summary_large_image\" \/>\n<meta name=\"twitter:label1\" content=\"Dur\u00e9e de lecture estim\u00e9e\" \/>\n\t<meta name=\"twitter:data1\" content=\"5 minutes\" \/>\n<script type=\"application\/ld+json\" class=\"yoast-schema-graph\">{\"@context\":\"https:\\\/\\\/schema.org\",\"@graph\":[{\"@type\":\"WebPage\",\"@id\":\"https:\\\/\\\/www.radiocourchevel.com\\\/radio-courchevel\\\/mentions-legales\\\/\",\"url\":\"https:\\\/\\\/www.radiocourchevel.com\\\/radio-courchevel\\\/mentions-legales\\\/\",\"name\":\"Mentions L\u00e9gales - R&#039;Courchevel\",\"isPartOf\":{\"@id\":\"https:\\\/\\\/www.radiocourchevel.com\\\/radio-courchevel\\\/#website\"},\"datePublished\":\"2023-06-20T09:31:51+00:00\",\"dateModified\":\"2023-07-03T14:11:50+00:00\",\"breadcrumb\":{\"@id\":\"https:\\\/\\\/www.radiocourchevel.com\\\/radio-courchevel\\\/mentions-legales\\\/#breadcrumb\"},\"inLanguage\":\"fr-FR\",\"potentialAction\":[{\"@type\":\"ReadAction\",\"target\":[\"https:\\\/\\\/www.radiocourchevel.com\\\/radio-courchevel\\\/mentions-legales\\\/\"]}]},{\"@type\":\"BreadcrumbList\",\"@id\":\"https:\\\/\\\/www.radiocourchevel.com\\\/radio-courchevel\\\/mentions-legales\\\/#breadcrumb\",\"itemListElement\":[{\"@type\":\"ListItem\",\"position\":1,\"name\":\"Accueil\",\"item\":\"https:\\\/\\\/www.radiocourchevel.com\\\/radio-courchevel\\\/\"},{\"@type\":\"ListItem\",\"position\":2,\"name\":\"Mentions L\u00e9gales\"}]},{\"@type\":\"WebSite\",\"@id\":\"https:\\\/\\\/www.radiocourchevel.com\\\/radio-courchevel\\\/#website\",\"url\":\"https:\\\/\\\/www.radiocourchevel.com\\\/radio-courchevel\\\/\",\"name\":\"R'Courchevel\",\"description\":\"Radio Courchevel - Sur 93.2 FM\",\"publisher\":{\"@id\":\"https:\\\/\\\/www.radiocourchevel.com\\\/radio-courchevel\\\/#organization\"},\"potentialAction\":[{\"@type\":\"SearchAction\",\"target\":{\"@type\":\"EntryPoint\",\"urlTemplate\":\"https:\\\/\\\/www.radiocourchevel.com\\\/radio-courchevel\\\/?s={search_term_string}\"},\"query-input\":{\"@type\":\"PropertyValueSpecification\",\"valueRequired\":true,\"valueName\":\"search_term_string\"}}],\"inLanguage\":\"fr-FR\"},{\"@type\":\"Organization\",\"@id\":\"https:\\\/\\\/www.radiocourchevel.com\\\/radio-courchevel\\\/#organization\",\"name\":\"R'Courchevel\",\"url\":\"https:\\\/\\\/www.radiocourchevel.com\\\/radio-courchevel\\\/\",\"logo\":{\"@type\":\"ImageObject\",\"inLanguage\":\"fr-FR\",\"@id\":\"https:\\\/\\\/www.radiocourchevel.com\\\/radio-courchevel\\\/#\\\/schema\\\/logo\\\/image\\\/\",\"url\":\"https:\\\/\\\/www.radiocourchevel.com\\\/wp-content\\\/uploads\\\/2023\\\/09\\\/cropped-logo-R-Courchevel.png\",\"contentUrl\":\"https:\\\/\\\/www.radiocourchevel.com\\\/wp-content\\\/uploads\\\/2023\\\/09\\\/cropped-logo-R-Courchevel.png\",\"width\":500,\"height\":500,\"caption\":\"R'Courchevel\"},\"image\":{\"@id\":\"https:\\\/\\\/www.radiocourchevel.com\\\/radio-courchevel\\\/#\\\/schema\\\/logo\\\/image\\\/\"},\"sameAs\":[\"https:\\\/\\\/www.facebook.com\\\/RadioCourchevel\\\/\"]}]}<\/script>\n<!-- \/ Yoast SEO plugin. -->","yoast_head_json":{"title":"Mentions L\u00e9gales - R&#039;Courchevel","robots":{"index":"index","follow":"follow","max-snippet":"max-snippet:-1","max-image-preview":"max-image-preview:large","max-video-preview":"max-video-preview:-1"},"canonical":"https:\/\/www.radiocourchevel.com\/radio-courchevel\/mentions-legales\/","og_locale":"fr_FR","og_type":"article","og_title":"Mentions L\u00e9gales - R&#039;Courchevel","og_description":"1. Site de la SARL au capital de 1 000 \u20acRCS Chamb\u00e9ryRue du Forum, Centre Commercial Le Forum73120 CourchevelRadio Courchevelinfo@radiocourchevel.com0479083407SIRET 492 034 657 00014Code APE 6010Z 2. Directeur de la publicationAlain PONCET 3. Editeur du siteConception\/ R\u00e9alisation et webmaster :webmaster@grandsespaces.netwww.radio-courchevel.com 4. H\u00e9bergeur du siteLe site www.radiocourchevel.com est h\u00e9berg\u00e9 par la soci\u00e9t\u00e9 OVHSAS au capital de &hellip; Mentions L\u00e9gales Lire la suite\u00a0\u00bb","og_url":"https:\/\/www.radiocourchevel.com\/radio-courchevel\/mentions-legales\/","og_site_name":"R&#039;Courchevel","article_publisher":"https:\/\/www.facebook.com\/RadioCourchevel\/","article_modified_time":"2023-07-03T14:11:50+00:00","twitter_card":"summary_large_image","twitter_misc":{"Dur\u00e9e de lecture estim\u00e9e":"5 minutes"},"schema":{"@context":"https:\/\/schema.org","@graph":[{"@type":"WebPage","@id":"https:\/\/www.radiocourchevel.com\/radio-courchevel\/mentions-legales\/","url":"https:\/\/www.radiocourchevel.com\/radio-courchevel\/mentions-legales\/","name":"Mentions L\u00e9gales - R&#039;Courchevel","isPartOf":{"@id":"https:\/\/www.radiocourchevel.com\/radio-courchevel\/#website"},"datePublished":"2023-06-20T09:31:51+00:00","dateModified":"2023-07-03T14:11:50+00:00","breadcrumb":{"@id":"https:\/\/www.radiocourchevel.com\/radio-courchevel\/mentions-legales\/#breadcrumb"},"inLanguage":"fr-FR","potentialAction":[{"@type":"ReadAction","target":["https:\/\/www.radiocourchevel.com\/radio-courchevel\/mentions-legales\/"]}]},{"@type":"BreadcrumbList","@id":"https:\/\/www.radiocourchevel.com\/radio-courchevel\/mentions-legales\/#breadcrumb","itemListElement":[{"@type":"ListItem","position":1,"name":"Accueil","item":"https:\/\/www.radiocourchevel.com\/radio-courchevel\/"},{"@type":"ListItem","position":2,"name":"Mentions L\u00e9gales"}]},{"@type":"WebSite","@id":"https:\/\/www.radiocourchevel.com\/radio-courchevel\/#website","url":"https:\/\/www.radiocourchevel.com\/radio-courchevel\/","name":"R'Courchevel","description":"Radio Courchevel - Sur 93.2 FM","publisher":{"@id":"https:\/\/www.radiocourchevel.com\/radio-courchevel\/#organization"},"potentialAction":[{"@type":"SearchAction","target":{"@type":"EntryPoint","urlTemplate":"https:\/\/www.radiocourchevel.com\/radio-courchevel\/?s={search_term_string}"},"query-input":{"@type":"PropertyValueSpecification","valueRequired":true,"valueName":"search_term_string"}}],"inLanguage":"fr-FR"},{"@type":"Organization","@id":"https:\/\/www.radiocourchevel.com\/radio-courchevel\/#organization","name":"R'Courchevel","url":"https:\/\/www.radiocourchevel.com\/radio-courchevel\/","logo":{"@type":"ImageObject","inLanguage":"fr-FR","@id":"https:\/\/www.radiocourchevel.com\/radio-courchevel\/#\/schema\/logo\/image\/","url":"https:\/\/www.radiocourchevel.com\/wp-content\/uploads\/2023\/09\/cropped-logo-R-Courchevel.png","contentUrl":"https:\/\/www.radiocourchevel.com\/wp-content\/uploads\/2023\/09\/cropped-logo-R-Courchevel.png","width":500,"height":500,"caption":"R'Courchevel"},"image":{"@id":"https:\/\/www.radiocourchevel.com\/radio-courchevel\/#\/schema\/logo\/image\/"},"sameAs":["https:\/\/www.facebook.com\/RadioCourchevel\/"]}]}},"uagb_featured_image_src":{"full":false,"thumbnail":false,"medium":false,"medium_large":false,"large":false,"1536x1536":false,"2048x2048":false,"audioigniter_cover":false},"uagb_author_info":{"display_name":"adminweb","author_link":"https:\/\/www.radiocourchevel.com\/radio-courchevel\/author\/adminweb\/"},"uagb_comment_info":0,"uagb_excerpt":"1. Site de la SARL au capital de 1 000 \u20acRCS Chamb\u00e9ryRue du Forum, Centre Commercial Le Forum73120 CourchevelRadio Courchevelinfo@radiocourchevel.com0479083407SIRET 492 034 657 00014Code APE 6010Z 2. Directeur de la publicationAlain PONCET 3. Editeur du siteConception\/ R\u00e9alisation et webmaster :webmaster@grandsespaces.netwww.radio-courchevel.com 4. H\u00e9bergeur du siteLe site www.radiocourchevel.com est h\u00e9berg\u00e9 par la soci\u00e9t\u00e9 OVHSAS au capital de\u2026","_links":{"self":[{"href":"https:\/\/www.radiocourchevel.com\/radio-courchevel\/wp-json\/wp\/v2\/pages\/412","targetHints":{"allow":["GET"]}}],"collection":[{"href":"https:\/\/www.radiocourchevel.com\/radio-courchevel\/wp-json\/wp\/v2\/pages"}],"about":[{"href":"https:\/\/www.radiocourchevel.com\/radio-courchevel\/wp-json\/wp\/v2\/types\/page"}],"author":[{"embeddable":true,"href":"https:\/\/www.radiocourchevel.com\/radio-courchevel\/wp-json\/wp\/v2\/users\/1"}],"replies":[{"embeddable":true,"href":"https:\/\/www.radiocourchevel.com\/radio-courchevel\/wp-json\/wp\/v2\/comments?post=412"}],"version-history":[{"count":8,"href":"https:\/\/www.radiocourchevel.com\/radio-courchevel\/wp-json\/wp\/v2\/pages\/412\/revisions"}],"predecessor-version":[{"id":975,"href":"https:\/\/www.radiocourchevel.com\/radio-courchevel\/wp-json\/wp\/v2\/pages\/412\/revisions\/975"}],"wp:attachment":[{"href":"https:\/\/www.radiocourchevel.com\/radio-courchevel\/wp-json\/wp\/v2\/media?parent=412"}],"curies":[{"name":"wp","href":"https:\/\/api.w.org\/{rel}","templated":true}]}}