{"id":807,"date":"2023-06-28T09:46:47","date_gmt":"2023-06-28T07:46:47","guid":{"rendered":"http:\/\/localhost\/wptest\/?page_id=807"},"modified":"2023-06-29T09:57:25","modified_gmt":"2023-06-29T07:57:25","slug":"musique-et-arts-classiques","status":"publish","type":"page","link":"https:\/\/www.radiocourchevel.com\/radio-courchevel\/musique-et-arts-classiques\/","title":{"rendered":"Musique et arts classiques"},"content":{"rendered":"\n<ul class=\"list-names wp-block-list\" style=\"margin-top:50px;margin-bottom:50px\">\n<li>Kenneth Brannagh\n<ul class=\"wp-block-list\">\n<li> Acteur<\/li>\n<\/ul>\n<\/li>\n\n\n\n<li>Didier Lockwood \n<ul class=\"wp-block-list\">\n<li>Violoniste<\/li>\n<\/ul>\n<\/li>\n\n\n\n<li>Sonia Wieder-Atherton \n<ul class=\"wp-block-list\">\n<li>Violoncelliste<\/li>\n<\/ul>\n<\/li>\n\n\n\n<li>Fran\u00e7oise Pollet \n<ul class=\"wp-block-list\">\n<li>Soprano<\/li>\n<\/ul>\n<\/li>\n\n\n\n<li>Jeremy Menuhin \n<ul class=\"wp-block-list\">\n<li>Pianiste<\/li>\n<\/ul>\n<\/li>\n\n\n\n<li>Anne Queffelec\n<ul class=\"wp-block-list\">\n<li>Pianiste<\/li>\n<\/ul>\n<\/li>\n\n\n\n<li>Vladimir Spivakov \n<ul class=\"wp-block-list\">\n<li>Violoniste et Chef d\u2019orchestre<\/li>\n<\/ul>\n<\/li>\n\n\n\n<li>Alexandre Brussilowski\n<ul class=\"wp-block-list\">\n<li>Violoniste et Chef d\u2019orchestre<\/li>\n<\/ul>\n<\/li>\n\n\n\n<li>Miguel Angel Estrella \n<ul class=\"wp-block-list\">\n<li>Pianiste<\/li>\n<\/ul>\n<\/li>\n\n\n\n<li>Marek Janovski \n<ul class=\"wp-block-list\">\n<li>Chef d\u2019orchestre<\/li>\n<\/ul>\n<\/li>\n\n\n\n<li>Tibor Varga \n<ul class=\"wp-block-list\">\n<li>Chef d\u2019orchestre<\/li>\n<\/ul>\n<\/li>\n\n\n\n<li>Mark Foster \n<ul class=\"wp-block-list\">\n<li>Chef d\u2019orchestre<\/li>\n<\/ul>\n<\/li>\n\n\n\n<li>Jean Claude Casadesus \n<ul class=\"wp-block-list\">\n<li>Chef d\u2019orchestre<\/li>\n<\/ul>\n<\/li>\n\n\n\n<li>Jean Guihen Queyras \n<ul class=\"wp-block-list\">\n<li>Violoncelliste<\/li>\n<\/ul>\n<\/li>\n\n\n\n<li>Gabriel Tacchino \n<ul class=\"wp-block-list\">\n<li>Pianiste<\/li>\n<\/ul>\n<\/li>\n\n\n\n<li>Bruno et R\u00e9gis Pasquier\n<ul class=\"wp-block-list\">\n<li>Altiste et Violoniste<\/li>\n<\/ul>\n<\/li>\n\n\n\n<li>Fran\u00e7ois-Ren\u00e9 Duchable \n<ul class=\"wp-block-list\">\n<li>Pianiste<\/li>\n<\/ul>\n<\/li>\n\n\n\n<li>Georges Kiss \n<ul class=\"wp-block-list\">\n<li>Claveciniste<\/li>\n<\/ul>\n<\/li>\n\n\n\n<li>Vladimir Viardo\n<ul class=\"wp-block-list\">\n<li>Pianiste<\/li>\n<\/ul>\n<\/li>\n\n\n\n<li>Patrick Gallois\n<ul class=\"wp-block-list\">\n<li>Flutiste<\/li>\n<\/ul>\n<\/li>\n\n\n\n<li>Youri Boukoff \n<ul class=\"wp-block-list\">\n<li>Pianiste<\/li>\n<\/ul>\n<\/li>\n\n\n\n<li>Alexandre Polischuk \n<ul class=\"wp-block-list\">\n<li>Chef d\u2019orchestre<\/li>\n<\/ul>\n<\/li>\n\n\n\n<li>Kim Walker \n<ul class=\"wp-block-list\">\n<li>Bassoniste<\/li>\n<\/ul>\n<\/li>\n\n\n\n<li>Irene Frain \n<ul class=\"wp-block-list\">\n<li>Ecrivain<\/li>\n<\/ul>\n<\/li>\n\n\n\n<li>Ren\u00e9 Martin \n<ul class=\"wp-block-list\">\n<li>Chef d\u2019orchestre<\/li>\n<\/ul>\n<\/li>\n\n\n\n<li>Claude Bolling \n<ul class=\"wp-block-list\">\n<li>Compositeur<\/li>\n<\/ul>\n<\/li>\n\n\n\n<li>Patrice Fontanarosa\n<ul class=\"wp-block-list\">\n<li>Violoniste<\/li>\n<\/ul>\n<\/li>\n\n\n\n<li>Gonzague Saint Bris \n<ul class=\"wp-block-list\">\n<li>Ecrivain<\/li>\n<\/ul>\n<\/li>\n\n\n\n<li>Paul Loup Sulitzer\n<ul class=\"wp-block-list\">\n<li>Ecrivain<\/li>\n<\/ul>\n<\/li>\n\n\n\n<li>Bruno Rigutto\n<ul class=\"wp-block-list\">\n<li>Pianiste<\/li>\n<\/ul>\n<\/li>\n\n\n\n<li>Shauna Rolston \n<ul class=\"wp-block-list\">\n<li>Violoncelliste<\/li>\n<\/ul>\n<\/li>\n\n\n\n<li>Raphael Oleg \n<ul class=\"wp-block-list\">\n<li>Violoniste<\/li>\n<\/ul>\n<\/li>\n\n\n\n<li>Oleg Lundstrem\n<ul class=\"wp-block-list\">\n<li>Chef d&#8217;orchestre<\/li>\n<\/ul>\n<\/li>\n\n\n\n<li>Eugen Indjic \n<ul class=\"wp-block-list\">\n<li>Pianiste<\/li>\n<\/ul>\n<\/li>\n\n\n\n<li>Magali Goimard\n<ul class=\"wp-block-list\">\n<li>Pianiste<\/li>\n<\/ul>\n<\/li>\n\n\n\n<li>Pascal Devoyon\n<ul class=\"wp-block-list\">\n<li>Pianiste<\/li>\n<\/ul>\n<\/li>\n\n\n\n<li>Dong Suk Kang\n<ul class=\"wp-block-list\">\n<li>Violoniste<\/li>\n<\/ul>\n<\/li>\n\n\n\n<li>Jean Sangally \n<ul class=\"wp-block-list\">\n<li>Jazz<\/li>\n<\/ul>\n<\/li>\n\n\n\n<li>Philippe Calvario \n<ul class=\"wp-block-list\">\n<li>Metteur en sc\u00e8ne<\/li>\n<\/ul>\n<\/li>\n\n\n\n<li>Marie Christine Barrault \n<ul class=\"wp-block-list\">\n<li>Actrice r\u00e9citante<\/li>\n<\/ul>\n<\/li>\n\n\n\n<li>Jean Fran\u00e7ois Zygel\n<ul class=\"wp-block-list\">\n<li>Pianiste<\/li>\n<\/ul>\n<\/li>\n\n\n\n<li>Fr\u00e9d\u00e9ric Lod\u00e9on\n<ul class=\"wp-block-list\">\n<li>Violoncelliste et Chef d&#8217;orchestre<\/li>\n<\/ul>\n<\/li>\n<\/ul>\n","protected":false},"excerpt":{"rendered":"","protected":false},"author":1,"featured_media":0,"parent":0,"menu_order":0,"comment_status":"closed","ping_status":"closed","template":"","meta":{"_uag_custom_page_level_css":"","site-sidebar-layout":"default","site-content-layout":"default","ast-global-header-display":"","ast-banner-title-visibility":"","ast-main-header-display":"","ast-hfb-above-header-display":"","ast-hfb-below-header-display":"","ast-hfb-mobile-header-display":"","site-post-title":"","ast-breadcrumbs-content":"","ast-featured-img":"","footer-sml-layout":"","theme-transparent-header-meta":"","adv-header-id-meta":"","stick-header-meta":"","header-above-stick-meta":"","header-main-stick-meta":"","header-below-stick-meta":"","footnotes":""},"class_list":["post-807","page","type-page","status-publish","hentry"],"yoast_head":"<!-- This site is optimized with the Yoast SEO plugin v27.3 - https:\/\/yoast.com\/product\/yoast-seo-wordpress\/ -->\n<title>Musique et arts classiques - R&#039;Courchevel<\/title>\n<meta name=\"robots\" content=\"index, follow, max-snippet:-1, max-image-preview:large, max-video-preview:-1\" \/>\n<link rel=\"canonical\" href=\"https:\/\/www.radiocourchevel.com\/radio-courchevel\/musique-et-arts-classiques\/\" \/>\n<meta property=\"og:locale\" content=\"fr_FR\" \/>\n<meta property=\"og:type\" content=\"article\" \/>\n<meta property=\"og:title\" content=\"Musique et arts classiques - R&#039;Courchevel\" \/>\n<meta property=\"og:url\" content=\"https:\/\/www.radiocourchevel.com\/radio-courchevel\/musique-et-arts-classiques\/\" \/>\n<meta property=\"og:site_name\" content=\"R&#039;Courchevel\" \/>\n<meta property=\"article:publisher\" content=\"https:\/\/www.facebook.com\/RadioCourchevel\/\" \/>\n<meta property=\"article:modified_time\" content=\"2023-06-29T07:57:25+00:00\" \/>\n<meta name=\"twitter:card\" content=\"summary_large_image\" \/>\n<meta name=\"twitter:label1\" content=\"Dur\u00e9e de lecture estim\u00e9e\" \/>\n\t<meta name=\"twitter:data1\" content=\"1 minute\" \/>\n<script type=\"application\/ld+json\" class=\"yoast-schema-graph\">{\"@context\":\"https:\\\/\\\/schema.org\",\"@graph\":[{\"@type\":\"WebPage\",\"@id\":\"https:\\\/\\\/www.radiocourchevel.com\\\/radio-courchevel\\\/musique-et-arts-classiques\\\/\",\"url\":\"https:\\\/\\\/www.radiocourchevel.com\\\/radio-courchevel\\\/musique-et-arts-classiques\\\/\",\"name\":\"Musique et arts classiques - R&#039;Courchevel\",\"isPartOf\":{\"@id\":\"https:\\\/\\\/www.radiocourchevel.com\\\/radio-courchevel\\\/#website\"},\"datePublished\":\"2023-06-28T07:46:47+00:00\",\"dateModified\":\"2023-06-29T07:57:25+00:00\",\"breadcrumb\":{\"@id\":\"https:\\\/\\\/www.radiocourchevel.com\\\/radio-courchevel\\\/musique-et-arts-classiques\\\/#breadcrumb\"},\"inLanguage\":\"fr-FR\",\"potentialAction\":[{\"@type\":\"ReadAction\",\"target\":[\"https:\\\/\\\/www.radiocourchevel.com\\\/radio-courchevel\\\/musique-et-arts-classiques\\\/\"]}]},{\"@type\":\"BreadcrumbList\",\"@id\":\"https:\\\/\\\/www.radiocourchevel.com\\\/radio-courchevel\\\/musique-et-arts-classiques\\\/#breadcrumb\",\"itemListElement\":[{\"@type\":\"ListItem\",\"position\":1,\"name\":\"Accueil\",\"item\":\"https:\\\/\\\/www.radiocourchevel.com\\\/radio-courchevel\\\/\"},{\"@type\":\"ListItem\",\"position\":2,\"name\":\"Musique et arts classiques\"}]},{\"@type\":\"WebSite\",\"@id\":\"https:\\\/\\\/www.radiocourchevel.com\\\/radio-courchevel\\\/#website\",\"url\":\"https:\\\/\\\/www.radiocourchevel.com\\\/radio-courchevel\\\/\",\"name\":\"R'Courchevel\",\"description\":\"Radio Courchevel - Sur 93.2 FM\",\"publisher\":{\"@id\":\"https:\\\/\\\/www.radiocourchevel.com\\\/radio-courchevel\\\/#organization\"},\"potentialAction\":[{\"@type\":\"SearchAction\",\"target\":{\"@type\":\"EntryPoint\",\"urlTemplate\":\"https:\\\/\\\/www.radiocourchevel.com\\\/radio-courchevel\\\/?s={search_term_string}\"},\"query-input\":{\"@type\":\"PropertyValueSpecification\",\"valueRequired\":true,\"valueName\":\"search_term_string\"}}],\"inLanguage\":\"fr-FR\"},{\"@type\":\"Organization\",\"@id\":\"https:\\\/\\\/www.radiocourchevel.com\\\/radio-courchevel\\\/#organization\",\"name\":\"R'Courchevel\",\"url\":\"https:\\\/\\\/www.radiocourchevel.com\\\/radio-courchevel\\\/\",\"logo\":{\"@type\":\"ImageObject\",\"inLanguage\":\"fr-FR\",\"@id\":\"https:\\\/\\\/www.radiocourchevel.com\\\/radio-courchevel\\\/#\\\/schema\\\/logo\\\/image\\\/\",\"url\":\"https:\\\/\\\/www.radiocourchevel.com\\\/wp-content\\\/uploads\\\/2023\\\/09\\\/cropped-logo-R-Courchevel.png\",\"contentUrl\":\"https:\\\/\\\/www.radiocourchevel.com\\\/wp-content\\\/uploads\\\/2023\\\/09\\\/cropped-logo-R-Courchevel.png\",\"width\":500,\"height\":500,\"caption\":\"R'Courchevel\"},\"image\":{\"@id\":\"https:\\\/\\\/www.radiocourchevel.com\\\/radio-courchevel\\\/#\\\/schema\\\/logo\\\/image\\\/\"},\"sameAs\":[\"https:\\\/\\\/www.facebook.com\\\/RadioCourchevel\\\/\"]}]}<\/script>\n<!-- \/ Yoast SEO plugin. -->","yoast_head_json":{"title":"Musique et arts classiques - R&#039;Courchevel","robots":{"index":"index","follow":"follow","max-snippet":"max-snippet:-1","max-image-preview":"max-image-preview:large","max-video-preview":"max-video-preview:-1"},"canonical":"https:\/\/www.radiocourchevel.com\/radio-courchevel\/musique-et-arts-classiques\/","og_locale":"fr_FR","og_type":"article","og_title":"Musique et arts classiques - R&#039;Courchevel","og_url":"https:\/\/www.radiocourchevel.com\/radio-courchevel\/musique-et-arts-classiques\/","og_site_name":"R&#039;Courchevel","article_publisher":"https:\/\/www.facebook.com\/RadioCourchevel\/","article_modified_time":"2023-06-29T07:57:25+00:00","twitter_card":"summary_large_image","twitter_misc":{"Dur\u00e9e de lecture estim\u00e9e":"1 minute"},"schema":{"@context":"https:\/\/schema.org","@graph":[{"@type":"WebPage","@id":"https:\/\/www.radiocourchevel.com\/radio-courchevel\/musique-et-arts-classiques\/","url":"https:\/\/www.radiocourchevel.com\/radio-courchevel\/musique-et-arts-classiques\/","name":"Musique et arts classiques - R&#039;Courchevel","isPartOf":{"@id":"https:\/\/www.radiocourchevel.com\/radio-courchevel\/#website"},"datePublished":"2023-06-28T07:46:47+00:00","dateModified":"2023-06-29T07:57:25+00:00","breadcrumb":{"@id":"https:\/\/www.radiocourchevel.com\/radio-courchevel\/musique-et-arts-classiques\/#breadcrumb"},"inLanguage":"fr-FR","potentialAction":[{"@type":"ReadAction","target":["https:\/\/www.radiocourchevel.com\/radio-courchevel\/musique-et-arts-classiques\/"]}]},{"@type":"BreadcrumbList","@id":"https:\/\/www.radiocourchevel.com\/radio-courchevel\/musique-et-arts-classiques\/#breadcrumb","itemListElement":[{"@type":"ListItem","position":1,"name":"Accueil","item":"https:\/\/www.radiocourchevel.com\/radio-courchevel\/"},{"@type":"ListItem","position":2,"name":"Musique et arts classiques"}]},{"@type":"WebSite","@id":"https:\/\/www.radiocourchevel.com\/radio-courchevel\/#website","url":"https:\/\/www.radiocourchevel.com\/radio-courchevel\/","name":"R'Courchevel","description":"Radio Courchevel - Sur 93.2 FM","publisher":{"@id":"https:\/\/www.radiocourchevel.com\/radio-courchevel\/#organization"},"potentialAction":[{"@type":"SearchAction","target":{"@type":"EntryPoint","urlTemplate":"https:\/\/www.radiocourchevel.com\/radio-courchevel\/?s={search_term_string}"},"query-input":{"@type":"PropertyValueSpecification","valueRequired":true,"valueName":"search_term_string"}}],"inLanguage":"fr-FR"},{"@type":"Organization","@id":"https:\/\/www.radiocourchevel.com\/radio-courchevel\/#organization","name":"R'Courchevel","url":"https:\/\/www.radiocourchevel.com\/radio-courchevel\/","logo":{"@type":"ImageObject","inLanguage":"fr-FR","@id":"https:\/\/www.radiocourchevel.com\/radio-courchevel\/#\/schema\/logo\/image\/","url":"https:\/\/www.radiocourchevel.com\/wp-content\/uploads\/2023\/09\/cropped-logo-R-Courchevel.png","contentUrl":"https:\/\/www.radiocourchevel.com\/wp-content\/uploads\/2023\/09\/cropped-logo-R-Courchevel.png","width":500,"height":500,"caption":"R'Courchevel"},"image":{"@id":"https:\/\/www.radiocourchevel.com\/radio-courchevel\/#\/schema\/logo\/image\/"},"sameAs":["https:\/\/www.facebook.com\/RadioCourchevel\/"]}]}},"uagb_featured_image_src":{"full":false,"thumbnail":false,"medium":false,"medium_large":false,"large":false,"1536x1536":false,"2048x2048":false,"audioigniter_cover":false},"uagb_author_info":{"display_name":"adminweb","author_link":"https:\/\/www.radiocourchevel.com\/radio-courchevel\/author\/adminweb\/"},"uagb_comment_info":0,"uagb_excerpt":null,"_links":{"self":[{"href":"https:\/\/www.radiocourchevel.com\/radio-courchevel\/wp-json\/wp\/v2\/pages\/807","targetHints":{"allow":["GET"]}}],"collection":[{"href":"https:\/\/www.radiocourchevel.com\/radio-courchevel\/wp-json\/wp\/v2\/pages"}],"about":[{"href":"https:\/\/www.radiocourchevel.com\/radio-courchevel\/wp-json\/wp\/v2\/types\/page"}],"author":[{"embeddable":true,"href":"https:\/\/www.radiocourchevel.com\/radio-courchevel\/wp-json\/wp\/v2\/users\/1"}],"replies":[{"embeddable":true,"href":"https:\/\/www.radiocourchevel.com\/radio-courchevel\/wp-json\/wp\/v2\/comments?post=807"}],"version-history":[{"count":3,"href":"https:\/\/www.radiocourchevel.com\/radio-courchevel\/wp-json\/wp\/v2\/pages\/807\/revisions"}],"predecessor-version":[{"id":869,"href":"https:\/\/www.radiocourchevel.com\/radio-courchevel\/wp-json\/wp\/v2\/pages\/807\/revisions\/869"}],"wp:attachment":[{"href":"https:\/\/www.radiocourchevel.com\/radio-courchevel\/wp-json\/wp\/v2\/media?parent=807"}],"curies":[{"name":"wp","href":"https:\/\/api.w.org\/{rel}","templated":true}]}}